 divided by (20 - 12) + 12 + 6?
20
Let q(p) = 160*p**2 + 51*p + 82. What is the remainder when q(-2) is divided by 104?
100
Let b(v) = -v - 1. Let m be b(-1). Suppose m + 264 = 6*c. Calculate the remainder when 83 is divided by c.
39
Let f be -2 + 11 - 3/(-3). Let x = -200 - -796. Suppose -x - 564 = -f*y. What is the remainder when y is divided by 24?
20
Suppose 10*t + 21*t - 558 = 0. Suppose 42*j - 40*j - t = 0. Calculate the remainder when 40 is divided by j.
4
Let g = -8368 - -8615. Calculate the remainder when 790 is divided by g.
49
Let m(h) be the third derivative of -h**5/60 - 5*h**4/8 + 5*h**3/6 + 4*h**2 - 11*h. Calculate the remainder when m(-4) is divided by 18.
13
Let b(q) = 54*q**2 - 21*q + 38. Let m(z) = -2*z + 6. Let r be m(2). What is the remainder when b(r) is divided by 43?
40
Let c = -5039 + 5042. What is the remainder when 1309 is divided by c?
1
Let h = -57 - -95. Let f = h + -34. Let y(j) = 2*j**2 - j - 6. Calculate the remainder when y(f) is divided by 12.
10
Let j(o) = 6*o**2 + 161*o + 670. What is the remainder when j(-4) is divided by 120?
2
Let p be ((-12)/21 + (-3232)/(-168))*3. Let s = p + -28. What is the remainder when 277 is divided by s?
25
Let v be -8*((-2)/4)/1. Let o(i) = -21*i + 23*i - 45*i + 23*i + 7 + 25*i. Calculate the remainder when 79 is divided by o(v).
25
Let d = -102 - -187. Suppose x = 4*i - 0*i - 288, i + 3*x = d. What is the remainder when i is divided by 26?
21
Suppose -4*d + 57 - 17 = 0. Suppose -4 = -4*t, 2*t - 444 = -12*c + d*c. Calculate the remainder when c is divided by 25.
21
Calculate the remainder when (-3*3848/390)/((-1)/85) is divided by 11.
8
Let m(f) = 25*f - 110*f + 29*f + 26*f + 32*f + 157. Calculate the remainder when m(3) is divided by 55.
53
Suppose -3 = 2*p - 5*p. Let b = -148 - -178. Calculate the remainder when b is divided by (p - -15)*15/12.
10
Let v(k) = k**3 + 15*k**2 + 2*k + 2. Let w be v(-12). Suppose 327*x - w = 322*x. Calculate the remainder when x is divided by 32.
18
Suppose 0 = -28*r + 31*r - 192. Suppose -2*w = -r - 104. What is the remainder when w is divided by 24?
12
Suppose -594*u + 1272 = -541*u. Let v be 0 + 1 + 0 + -4. Calculate the remainder when 188*(-1 + v/(-2)) is divided by u.
22
Suppose 8*f + 3 = 35. Suppose -2*t - 4*l - 40 = 0, -5 = 6*t - f*t - 3*l. What is the remainder when ((-35)/t - 3)*94 is divided by 17?
13
Suppose 2*w - 601 = -5*b, -4*b + 516 - 52 = 4*w. What is the remainder when b is divided by 14?
11
Suppose 12242 - 11442 = 339*p - 23947. What is the remainder when 624 is divided by p?
40
Let v be 15617/70 - (3 - (-29)/(-10)). Let i = v + -202. What is the remainder when 77 is divided by i?
14
Let h = -2634 + 2640. Calculate the remainder when 81 is divided by h.
3
Let k = 510 - 428. Suppose k*y - 84*y = -86. Calculate the remainder when y is divided by 15.
13
Suppose -2*p - 101 = -t, 0 = -2*t - 5*p - 8 + 228. Let c = 83776 - 83738. What is the remainder when t is divided by c?
29
Let b(t) = -12*t - 293. Let d be b(-26). Suppose -4*y = -5*n - 24, 2*y + d*n - 15*n = 12. Suppose 2*q - 73 = -21. What is the remainder when q is divided by y?
2
Suppose -106*t - 150 = -111*t. Let h be 3300/27 + (-2)/9. Let x = h + -43. Calculate the remainder when x is divided by t.
19
Let l(k) = -k**3 - 15*k**2 - 5*k + 2. Let v be l(-14). Let q = 125 - 54. Calculate the remainder when q is divided by (v/(-28) - 1)/(6/42).
23
Suppose 314 + 1319 = 23*w. Calculate the remainder when 235 is divided by w.
22
Let n be 3*(-554)/12*-2. Suppose 0 = -4*h - 5*a + n, -2*h - 2*a = a - 139. Let u = 71 - h. What is the remainder when 11 is divided by u?
2
Let x = 22 + -158. Let s = x + 173. Calculate the remainder when s is divided by 15.
7
Suppose -j + 28 - 10 = 3*x, -3*j = 4*x - 39. Suppose -j*w + 108 = -3*w. Calculate the remainder when 35 is divided by w.
17
Calculate the remainder when (-6)/(-30) + (4 - (-7895)/25) is divided by 52.
8
Let t = -113 - -120. Calculate the remainder when (14/3)/1*198/44 is divided by t.
0
Let v(m) = 16*m**2 + 305*m + 61. Calculate the remainder when 1152 is divided by v(-19).
18
Suppose 4*k = -c - 60, k = -k - 8. Let s = -38 - c. Suppose -3*v - 5*x = -41, -s*x = 5*v - 4*x - 81. Calculate the remainder when 31 is divided by v.
14
Suppose 2*s - 5*f = 93, 3*s + 440*f = 445*f + 122. Suppose -712 = -5*n + 4*a - 7*a, -3*n = 2*a - 427. What is the remainder when n is divided by s?
27
What is the remainder when 444 is divided by (-108)/(-16) - ((-784)/64 + 11)?
4
Let c = -4791 + 4947. What is the remainder when c is divided by 8?
4
Suppose -8*i - i = -45. Suppose 6*o - 98 = i*o. Let y = 181 - o. Calculate the remainder when y is divided by 14.
13
Let k(n) = -2552*n - 76536. Let r = 130 + -44. Calculate the remainder when r is divided by k(-30).
14
Let r = 62 - 19. Let m = -1193 - -2201. Suppose m = t + 7*t. What is the remainder when t is divided by r?
40
Suppose -9 + 33 = 8*k. Suppose k*u = i + u - 23, -3*u = 2*i - 11. What is the remainder when 28 is divided by i?
2
Suppose -399*p - 20 = -409*p. Suppose -5*g = -3*s - p*s + 1760, 674 = 2*s + 4*g. Calculate the remainder when s is divided by 10.
7
Let y = 228 + -209. Let r(f) = 24*f - 27. What is the remainder when r(y) is divided by 36?
33
Suppose -5*i = -2*t - 5, 4*t + 7*i - 11 = 10*i. What is the remainder when 116 is divided by 2/(-4) + 34/4 + t?
12
Suppose -4*x - 119 = -4*j - 9*x, -3*x = -2*j + 43. Let l = 39 - j. Suppose -263*q - 1953 = -480*q. What is the remainder when l is divided by q?
4
Suppose 2*u - 378 = 4*t, 4*t + 957 - 205 = 4*u. Suppose -u + 111 = -4*g. Calculate the remainder when 50 is divided by g.
12
Let i = 390725 + -390713. What is the remainder when (-1)/(-2) + 358/4 is divided by i?
6
Calculate the remainder when ((-2720)/(-4 + -13))/((0 - -1)/8) is divided by 320.
0
Let x be (-4 - 21/(-3)) + 308. Suppose 4*p + 173 = -x. Let f = p + 140. Calculate the remainder when f is divided by 4.
3
Let l(o) = 16*o**2 + 13*o + 31. What is the remainder when l(-3) is divided by 16?
8
Suppose 0 = 3*s + 3*l - 188 - 223, 699 = 5*s - 2*l. What is the remainder when 1252 is divided by s?
1
Let y = 125 + -32. Calculate the remainder when y is divided by 356/22 + 6*(-1)/33.
13
Suppose -5*i - 5*y - 405 = 0, 0 = 2*y + 3*y - 5. Let x = 84 + i. Suppose x*d - 39 = -11*d. What is the remainder when 34 is divided by d?
1
Let i = 5856 - 1973. Calculate the remainder when i is divided by 5.
3
Let m(j) = 7*j + 314. Let n be m(-44). Let o be 2/8 + 187/4. Let x = n + o. Calculate the remainder when x is divided by 18.
17
Suppose -9 - 3 = 3*o. Suppose 0 = -3*y + h + 6 - 38, -2*y = 3*h + 36. Calculate the remainder when (-429)/y - (-3)/o is divided by 9.
8
Suppose g + 66 = 4*g. Let k = -203924 + 204029. What is the remainder when k is divided by g?
17
Suppose v = -2*l + 388, -31*l = v - 30*l - 384. Calculate the remainder when v is divided by 91.
16
Suppose -2 = -g - 5*y, 18*g - 4*y + 1 = 19*g. Let n(h) = -3*h**3 - 5*h**2 - 2*h + 5. What is the remainder when n(g) is divided by 14?
5
Suppose 0 = -3*d - 3*g + 132, d = -4*d - 2*g + 235. Let b = 106 + d. Calculate the remainder when b is divided by 20.
15
Let x(p) = -p**2 + 15*p - 12. Let y be x(14). Suppose 0 = 2*c + 5*f - 83, y*f + 9 = 15. What is the remainder when c is divided by 36/4*4/6?
4
Suppose 33*u = -70*u + 334029. What is the remainder when u is divided by 9?
3
Let s = 3786 + -1292. What is the remainder when s is divided by 831?
1
Suppose -550 - 143 = -20*d - 13*d. Calculate the remainder when 57 is divided by d.
15
Let y(r) = r**3 - 2*r**2 + r + 2. Suppose -72*b + 278*b - 7440 = -104*b. What is the remainder when b is divided by y(2)?
0
Let d = 2622 + -1541. Calculate the remainder when d is divided by 536.
9
Suppose -4*i - 4 = 0, -4*v - 5*i + 1616 + 991 = 0. Calculate the remainder when 1997 is divided by v.
38
Let m be 6942/546 + (-1 - (-18)/14). Let l(i) = 10*i - 103. Calculate the remainder when 86 is divided by l(m).
5
Let t(f) = 222*f**2 - 424*f + 6. Calculate the remainder when t(5) is divided by 858.
4
Let x = 75 + -36. Suppose 5*m - 2 = y, 10 = 2*y + 10*m - 6*m. What is the remainder when x is divided by y?
0
Suppose i - 5*p - 46 = 0, 2*i = -0*i + p + 119. Suppose -54*j = -i*j + 3122. Suppose 0*s = -2*s + j. Calculate the remainder whe